00110000001 (base 2) to base 10
-3570049
What is -1032231320 (base 4) in base 13?
-b39ab
What is -727379 (base 10) in base 11?
-457544
What is 432140403 (base 5) in base 10?
1833853
What is -38a269 (base 12) in base 2?
-11100011000011110001
2241020412 (base 5) to base 12
181b41a
What is 9ae24 (base 15) in base 8?
1702017
-2242431 (base 6) to base 11
-79151
What is 2897dd (base 14) in base 3?
2122121010001
What is -1778875 (base 9) in base 4?
-3303132023
Convert 12210111122 (base 3) to base 15.
23c12
Convert -3a43239 (base 11) to base 12.
-2410002
-8bc4b (base 14) to base 16
-52fdb
b971e (base 16) to base 8
2713436
21242303 (base 6) to base 12
263393
Convert 1213321032 (base 4) to base 7.
3421446
What is 1221100020221 (base 3) in base 5?
230432024
What is -5266020 (base 9) in base 3?
-12022020000200
What is -669ca8 (base 15) in base 8?
-22525061
What is 9a3cb4 (base 13) in base 2?
1101110111101100101101
What is -22131232 (base 4) in base 6?
-530234
1563132 (base 9) to base 10
868349
344514 (base 8) to base 10
117068
Convert 4443460 (base 7) to base 5.
120024240
What is 75830 (base 14) in base 2?
1000101011001010010
What is -73775 (base 11) in base 8?
-321621
Convert 2245151 (base 7) to base 2.
1000100011011111100
-11444414212 (base 5) to base 15
-130053c
What is -622115 (base 7) in base 3?
-12101221102
What is -501a (base 11) in base 2?
-1101000010100
Convert -421101132 (base 5) to base 2.
-110101000001111000011
Convert -21241200 (base 5) to base 13.
-643a9
1bbd16 (base 14) to base 13
28a084
Convert -1112012021101 (base 3) to base 5.
-201421342
Convert 5533b (base 14) to base 3.
101111011222
Convert -29e9da (base 16) to base 11.
-160681a
Convert -111100402 (base 5) to base 11.
-303385
141a977 (base 14) to base 16
94c04d
1a94487 (base 11) to base 4
31123103333
Convert 255b741 (base 14) to base 10.
17971885
Convert -1427255 (base 9) to base 2.
-10111111111010011010
Convert -210020222210 (base 3) to base 9.
-706883
100255 (base 7) to base 8
41061
Convert -2170ad (base 16) to base 11.
-1267593
2bd775 (base 16) to base 8
12753565
-74158 (base 10) to base 13
-279a6
89020 (base 10) to base 16
15bbc
53611 (base 12) to base 16
1acad
Convert -2af86 (base 16) to base 9.
-287382
What is 298631 (base 10) in base 9?
504572
Convert 20012021100102 (base 3) to base 7.
36661613
Convert 11001011010111101100 (base 2) to base 8.
3132754
2bc41 (base 14) to base 6
2202333
Convert -5d21 (base 14) to base 8.
-37651
Convert -8106570 (base 9) to base 6.
-232254443
What is 322066 (base 8) in base 10?
107574
Convert 3184763 (base 9) to base 13.
47b0a4
200221211323 (base 4) to base 15
b40ed1
What is 1cb61 (base 16) in base 13?
416b3
What is 23a90 (base 14) in base 13?
3088b
-12010102421 (base 5) to base 9
-27782211
Convert -8421118 (base 10) to base 9.
-16754537
-10424032 (base 6) to base 8
-1146224
-733c4a (base 13) to base 16
-291927
Convert 1442057 (base 11) to base 2.
1001011100101111111101
Convert 12110202100102 (base 3) to base 16.
2c604b
What is 621611 (base 11) in base 12?
401421
Convert -1300101314 (base 5) to base 14.
-5b60c6
What is -54651262 (base 7) in base 5?
-2200423033
Convert -126172 (base 12) to base 8.
-1113546
What is -45740 (base 11) in base 16?
-1023e
69e2a1 (base 16) to base 10
6939297
What is -411252 (base 7) in base 9?
-116146
201112120201 (base 3) to base 5
44301412
Convert -42542 (base 7) to base 8.
-24505
What is 4414545 (base 6) in base 9?
364822
Convert 75c51 (base 13) to base 8.
640016
What is 1011010001101100011 (base 2) in base 8?
1321543
-230113231 (base 4) to base 6
-3521221
What is 52e41 (base 15) in base 13?
92995
-500464 (base 9) to base 15
-5c8d7
What is 4296971 (base 10) in base 2?
10000011001000100001011
-77439 (base 11) to base 5
-12043310
What is 974856 (base 10) in base 3?
1211112020210
Convert -2743535 (base 8) to base 10.
-771933
Convert -10402121 (base 10) to base 5.
-10130331441
185ea (base 16) to base 8
302752
Convert -5d63b (base 14) to base 7.
-1642404
Convert -11201211012212 (base 3) to base 10.
-2515937
-169760 (base 13) to base 11
-355569
What is -3381255 (base 11) in base 6?
-330451353
Convert -131481 (base 9) to base 16.
-137f2
What is 75850 (base 11) in base 8?
327125
Convert 121765 (base 14) to base 4.
2113011231
Convert -22609 (base 15) to base 4.
-122230233
What is -100102020010100 (base 3) in base 7?
-60350523
What is 10524703 (base 10) in base 11?
5a39402
What is 4cd8d (base 14) in base 12?
91641
5037214 (base 8) to base 15
1b318c
-17c691 (base 14) to base 7
-10101541
Convert 66635b (base 12) to base 2.
110001101100001110111
5230003 (base 6) to base 10
252723
Convert 2020221021222 (base 3) to base 7.
13123565
Convert 10012501 (base 6) to base 2.
1000100110011110101
-305145 (base 8) to base 15
-1edb0
Convert 875506 (base 9) to base 2.
1111111100010000111
Convert 101011000110111 (base 2) to base 10.
22071
Convert -1c29b1 (base 16) to base 6.
-103320453
What is -224231 (base 6) in base 16?
-4a9b
Convert -4420143302 (base 5) to base 8.
-44303457
Convert -32699 (base 10) to base 6.
-411215
What is 150828 (base 9) in base 4?
112211300
123032050 (base 6) to base 15
3214a6
Convert -10321341014 (base 5) to base 13.
-23c5101
What is 360705 (base 9) in base 15?
444c5
Convert -3524021 (base 6) to base 13.
-64ca5
What is -53ccb (base 13) in base 8?
-450047
-42041220 (base 7) to base 5
-1401231104
What is -1231053 (base 6) in base 9?
-111006
7e2cb (base 16) to base 8
1761313
Convert -875261 (base 11) to base 3.
-2122000111120
What is 13471d1 (base 14) in base 16?
8e27a3
What is 2122646 (base 7) in base 10?
257921
What is 264c4 (base 14) in base 2?
10111000000101100
Convert 2134300003 (base 5) to base 8.
21436370
Convert 1b3743 (base 12) to base 15.
98266
-1d05d8 (base 15) to base 16
-15a64c
121321310 (base 5) to base 6
20142150
5cc1 (base 14) to base 11
11225
-202b26 (base 13) to base 7
-6236204
Convert 1855928 (base 10) to base 14.
364504
Convert 3ba602 (base 13) to base 7.
15222266
1022000020220 (base 3) to base 10
689091
Convert 25736617 (base 9) to base 2.
110000010011000100110101
Convert 12221172 (base 8) to base 12.
aa00a2
-2551737 (base 8) to base 12
-2a2793
What is 489c9 (base 13) in base 6?
2510030
-13773a2 (base 12) to base 15
-51ca22
173607 (base 13) to base 5
122010312
Convert -22120002232 (base 4) to base 8.
-12300256
10211102110 (base 3) to base 5
4403041
118741 (base 14) to base 16
92645
Convert -422422 (base 10) to base 7.
-3406360
-595025 (base 15) to base 6
-231301442
What is -47069 (base 13) in base 4?
-133222232
Convert -14523a (base 11) to base 13.
-7c174
What is 15222 (base 6) in base 10?
2462
Convert 400015102 (base 6) to base 15.
8cb588
62811 (base 10) to base 14
18c67
441301 (base 8) to base 5
14220121
Convert -26e38 (base 15) to base 16.
-1e71f
25044241 (base 6) to base 8
3031101
Convert -305433 (base 9) to base 14.
-4a030
What is -252ba2 (base 12) in base 4?
-2110010222
What is -3517969 (base 10) in base 3?
-20121201202011
Convert 1101001110000011100110 (base 2) to base 10.
3465446
What is 75046 (base 16) in base 7?
4034245
What is 542445 (base 8) in base 6?
3520245
What is -32554422 (base 8) in base 14?
-d03c66
What is -13030123 (base 4) in base 2?
-111001100011011
What is -1364 (base 16) in base 5?
-124324
What is 16da43 (base 16) in base 6?
52033351
Convert -31002300 (base 5) to base 7.
-2061545
What is 41751024 (base 8) in base 15?
bac595
Convert 5142412 (base 6) to base 3.
110112120122
Convert 17047b7 (base 14) to base 6.
1042202205
3404611 (base 8) to base 2
11100000100110001001
What is -25a46 (base 16) in base 7?
-1211340
Convert -110101110010001011110 (base 2) to base 10.
-1762398
10111011000000111110 (base 2) to base 12
30b366
Convert -142dd (base 15) to base 8.
-176417
What is 258145 (base 10) in base 11?
166a48
What is 2695b1 (base 13) in base 7?
10642054
Convert -3525443 (base 6) to base 13.
-65202
Convert -89939 (base 12) to base 11.
-115365
What is 3440304 (base 5) in base 14?
18814
321927 (base 10) to base 2
1001110100110000111
-16b1b2 (base 13) to base 4
-2022131210
-430086 (base 9) to base 2
-111110011111010101
-6594b2 (base 14) to base 9
-6430160
12041550 (base 7) to base 5
233202233
-103321034 (base 5) to base 6
-13335153
Convert -44c6c (base 15) to base 9.
-363123
What is 156